{"id":467,"date":"2021-08-10T08:35:26","date_gmt":"2021-08-10T08:35:26","guid":{"rendered":"https:\/\/cascinabringin.it\/?page_id=467"},"modified":"2021-08-10T09:39:35","modified_gmt":"2021-08-10T09:39:35","slug":"blog","status":"publish","type":"page","link":"https:\/\/cascinabringin.it\/index.php\/blog\/","title":{"rendered":"Blog"},"content":{"rendered":"\t\t<div data-elementor-type=\"wp-page\" data-elementor-id=\"467\" class=\"elementor elementor-467\" data-elementor-post-type=\"page\">\n\t\t\t\t\t\t<section class=\"elementor-section elementor-top-section elementor-element elementor-element-7571ee9 elementor-section-boxed elementor-section-height-default elementor-section-height-default\" data-id=\"7571ee9\" data-element_type=\"section\" data-e-type=\"section\">\n\t\t\t\t\t\t<div class=\"elementor-container elementor-column-gap-default\">\n\t\t\t\t\t<div class=\"elementor-column elementor-col-100 elementor-top-column elementor-element elementor-element-b657e96\" data-id=\"b657e96\" data-element_type=\"column\" data-e-type=\"column\">\n\t\t\t<div class=\"elementor-widget-wrap elementor-element-populated\">\n\t\t\t\t\t\t<div class=\"elementor-element elementor-element-54eb6d6 elementor-grid-1 elementor-grid-tablet-2 elementor-grid-mobile-1 elementor-posts--thumbnail-top elementor-widget elementor-widget-posts\" data-id=\"54eb6d6\" data-element_type=\"widget\" data-e-type=\"widget\" data-settings=\"{&quot;classic_columns&quot;:&quot;1&quot;,&quot;classic_columns_tablet&quot;:&quot;2&quot;,&quot;classic_columns_mobile&quot;:&quot;1&quot;,&quot;classic_row_gap&quot;:{&quot;unit&quot;:&quot;px&quot;,&quot;size&quot;:35,&quot;sizes&quot;:[]},&quot;classic_row_gap_tablet&quot;:{&quot;unit&quot;:&quot;px&quot;,&quot;size&quot;:&quot;&quot;,&quot;sizes&quot;:[]},&quot;classic_row_gap_mobile&quot;:{&quot;unit&quot;:&quot;px&quot;,&quot;size&quot;:&quot;&quot;,&quot;sizes&quot;:[]}}\" data-widget_type=\"posts.classic\">\n\t\t\t\t<div class=\"elementor-widget-container\">\n\t\t\t\t\t\t\t<div class=\"elementor-posts-container elementor-posts elementor-posts--skin-classic elementor-grid\" role=\"list\">\n\t\t\t\t<article class=\"elementor-post elementor-grid-item post-2097 post type-post status-publish format-standard has-post-thumbnail hentry category-non-classifiee\" role=\"listitem\">\n\t\t\t\t<a class=\"elementor-post__thumbnail__link\" href=\"https:\/\/cascinabringin.it\/index.php\/2023\/05\/30\/la-chambre-dhotes-de-la-ferme-bringin-presente-un-itineraire-interessant-pour-decouvrir-un-coin-caracteristique-des-alpi-del-mare\/\" tabindex=\"-1\" >\n\t\t\t<div class=\"elementor-post__thumbnail\"><img fetchpriority=\"high\" decoding=\"async\" width=\"300\" height=\"185\" src=\"https:\/\/cascinabringin.it\/wp-content\/uploads\/2021\/08\/monregalese2-300x185.jpg\" class=\"attachment-medium size-medium wp-image-3740\" alt=\"\" srcset=\"https:\/\/cascinabringin.it\/wp-content\/uploads\/2021\/08\/monregalese2-300x185.jpg 300w, https:\/\/cascinabringin.it\/wp-content\/uploads\/2021\/08\/monregalese2-768x475.jpg 768w, https:\/\/cascinabringin.it\/wp-content\/uploads\/2021\/08\/monregalese2.jpg 770w\" sizes=\"(max-width: 300px) 100vw, 300px\" \/><\/div>\n\t\t<\/a>\n\t\t\t\t<div class=\"elementor-post__text\">\n\t\t\t\t<h3 class=\"elementor-post__title\">\n\t\t\t<a href=\"https:\/\/cascinabringin.it\/index.php\/2023\/05\/30\/la-chambre-dhotes-de-la-ferme-bringin-presente-un-itineraire-interessant-pour-decouvrir-un-coin-caracteristique-des-alpi-del-mare\/\" >\n\t\t\t\tLa chambre d&#8217;h\u00f4tes de la ferme Bringin pr\u00e9sente un itin\u00e9raire int\u00e9ressant pour d\u00e9couvrir un coin caract\u00e9ristique des Alpi del Mare\t\t\t<\/a>\n\t\t<\/h3>\n\t\t\t\t<div class=\"elementor-post__excerpt\">\n\t\t\t<p>Notre bed and breakfast \u00e0 Mondov\u00ec Cascina Bringin vous surprendra : tr\u00e8s facile d&#8217;acc\u00e8s en voiture et en train. Au c\u0153ur de la langue Monregalese,<\/p>\n\t\t<\/div>\n\t\t\n\t\t<a class=\"elementor-post__read-more\" href=\"https:\/\/cascinabringin.it\/index.php\/2023\/05\/30\/la-chambre-dhotes-de-la-ferme-bringin-presente-un-itineraire-interessant-pour-decouvrir-un-coin-caracteristique-des-alpi-del-mare\/\" aria-label=\"Read more about La chambre d&#8217;h\u00f4tes de la ferme Bringin pr\u00e9sente un itin\u00e9raire int\u00e9ressant pour d\u00e9couvrir un coin caract\u00e9ristique des Alpi del Mare\" tabindex=\"-1\" >\n\t\t\tLeggi di pi\u00f9 \u00bb\t\t<\/a>\n\n\t\t\t\t<\/div>\n\t\t\t\t<\/article>\n\t\t\t\t<article class=\"elementor-post elementor-grid-item post-2093 post type-post status-publish format-standard has-post-thumbnail hentry category-non-classifiee\" role=\"listitem\">\n\t\t\t\t<a class=\"elementor-post__thumbnail__link\" href=\"https:\/\/cascinabringin.it\/index.php\/2023\/05\/30\/chambres-elegantes-en-pleine-nature\/\" tabindex=\"-1\" >\n\t\t\t<div class=\"elementor-post__thumbnail\"><img decoding=\"async\" width=\"300\" height=\"225\" src=\"https:\/\/cascinabringin.it\/wp-content\/uploads\/2021\/08\/monregalese1-1-300x225.jpg\" class=\"attachment-medium size-medium wp-image-3742\" alt=\"\" srcset=\"https:\/\/cascinabringin.it\/wp-content\/uploads\/2021\/08\/monregalese1-1-300x225.jpg 300w, https:\/\/cascinabringin.it\/wp-content\/uploads\/2021\/08\/monregalese1-1-768x576.jpg 768w, https:\/\/cascinabringin.it\/wp-content\/uploads\/2021\/08\/monregalese1-1.jpg 1024w\" sizes=\"(max-width: 300px) 100vw, 300px\" \/><\/div>\n\t\t<\/a>\n\t\t\t\t<div class=\"elementor-post__text\">\n\t\t\t\t<h3 class=\"elementor-post__title\">\n\t\t\t<a href=\"https:\/\/cascinabringin.it\/index.php\/2023\/05\/30\/chambres-elegantes-en-pleine-nature\/\" >\n\t\t\t\tChambres \u00e9l\u00e9gantes en pleine nature\t\t\t<\/a>\n\t\t<\/h3>\n\t\t\t\t<div class=\"elementor-post__excerpt\">\n\t\t\t<p>ComeSi ce que vous cherchez est un endroit o\u00f9 s\u00e9journer dans le calme de la campagne, mais \u00e0 proximit\u00e9 du centre-ville, Cascina Bringin est l&#8217;endroit<\/p>\n\t\t<\/div>\n\t\t\n\t\t<a class=\"elementor-post__read-more\" href=\"https:\/\/cascinabringin.it\/index.php\/2023\/05\/30\/chambres-elegantes-en-pleine-nature\/\" aria-label=\"Read more about Chambres \u00e9l\u00e9gantes en pleine nature\" tabindex=\"-1\" >\n\t\t\tLeggi di pi\u00f9 \u00bb\t\t<\/a>\n\n\t\t\t\t<\/div>\n\t\t\t\t<\/article>\n\t\t\t\t<article class=\"elementor-post elementor-grid-item post-2092 post type-post status-publish format-standard has-post-thumbnail hentry category-uncategorized\" role=\"listitem\">\n\t\t\t\t<a class=\"elementor-post__thumbnail__link\" href=\"https:\/\/cascinabringin.it\/index.php\/2023\/05\/30\/the-bringin-farmhouse-bed-and-breakfast-presents-an-interesting-itinerary-to-discover-a-characteristic-corner-of-the-alpi-del-mare\/\" tabindex=\"-1\" >\n\t\t\t<div class=\"elementor-post__thumbnail\"><img decoding=\"async\" width=\"300\" height=\"185\" src=\"https:\/\/cascinabringin.it\/wp-content\/uploads\/2021\/08\/monregalese2-300x185.jpg\" class=\"attachment-medium size-medium wp-image-3739\" alt=\"\" srcset=\"https:\/\/cascinabringin.it\/wp-content\/uploads\/2021\/08\/monregalese2-300x185.jpg 300w, https:\/\/cascinabringin.it\/wp-content\/uploads\/2021\/08\/monregalese2-768x475.jpg 768w, https:\/\/cascinabringin.it\/wp-content\/uploads\/2021\/08\/monregalese2.jpg 770w\" sizes=\"(max-width: 300px) 100vw, 300px\" \/><\/div>\n\t\t<\/a>\n\t\t\t\t<div class=\"elementor-post__text\">\n\t\t\t\t<h3 class=\"elementor-post__title\">\n\t\t\t<a href=\"https:\/\/cascinabringin.it\/index.php\/2023\/05\/30\/the-bringin-farmhouse-bed-and-breakfast-presents-an-interesting-itinerary-to-discover-a-characteristic-corner-of-the-alpi-del-mare\/\" >\n\t\t\t\tThe Bringin farmhouse bed and breakfast presents an interesting itinerary to discover a characteristic corner of the Alpi del Mare\t\t\t<\/a>\n\t\t<\/h3>\n\t\t\t\t<div class=\"elementor-post__excerpt\">\n\t\t\t<p>Our bed and breakfast in Mondov\u00ec Cascina Bringin will surprise you: very easy to reach both by car and by train. In the heart of<\/p>\n\t\t<\/div>\n\t\t\n\t\t<a class=\"elementor-post__read-more\" href=\"https:\/\/cascinabringin.it\/index.php\/2023\/05\/30\/the-bringin-farmhouse-bed-and-breakfast-presents-an-interesting-itinerary-to-discover-a-characteristic-corner-of-the-alpi-del-mare\/\" aria-label=\"Read more about The Bringin farmhouse bed and breakfast presents an interesting itinerary to discover a characteristic corner of the Alpi del Mare\" tabindex=\"-1\" >\n\t\t\tLeggi di pi\u00f9 \u00bb\t\t<\/a>\n\n\t\t\t\t<\/div>\n\t\t\t\t<\/article>\n\t\t\t\t<\/div>\n\t\t\n\t\t\t\t\t\t<\/div>\n\t\t\t\t<\/div>\n\t\t\t\t\t<\/div>\n\t\t<\/div>\n\t\t\t\t\t<\/div>\n\t\t<\/section>\n\t\t\t\t<\/div>\n\t\t","protected":false},"excerpt":{"rendered":"","protected":false},"author":3,"featured_media":0,"parent":0,"menu_order":0,"comment_status":"closed","ping_status":"closed","template":"","meta":{"_monsterinsights_skip_tracking":false,"_monsterinsights_sitenote_active":false,"_monsterinsights_sitenote_note":"","_monsterinsights_sitenote_category":0,"_glsr_average":0,"_glsr_ranking":0,"_glsr_reviews":0,"footnotes":""},"class_list":["post-467","page","type-page","status-publish","hentry"],"aioseo_notices":[],"yoast_head":"<!-- This site is optimized with the Yoast SEO plugin v27.5 - https:\/\/yoast.com\/product\/yoast-seo-wordpress\/ -->\n<title>Blog - Cascina Bringin<\/title>\n<meta name=\"robots\" content=\"index, follow, max-snippet:-1, max-image-preview:large, max-video-preview:-1\" \/>\n<link rel=\"canonical\" href=\"https:\/\/cascinabringin.it\/index.php\/blog\/\" \/>\n<meta property=\"og:locale\" content=\"it_IT\" \/>\n<meta property=\"og:type\" content=\"article\" \/>\n<meta property=\"og:title\" content=\"Blog - Cascina Bringin\" \/>\n<meta property=\"og:url\" content=\"https:\/\/cascinabringin.it\/index.php\/blog\/\" \/>\n<meta property=\"og:site_name\" content=\"Cascina Bringin\" \/>\n<meta property=\"article:modified_time\" content=\"2021-08-10T09:39:35+00:00\" \/>\n<meta name=\"twitter:card\" content=\"summary_large_image\" \/>\n<script type=\"application\/ld+json\" class=\"yoast-schema-graph\">{\"@context\":\"https:\\\/\\\/schema.org\",\"@graph\":[{\"@type\":\"WebPage\",\"@id\":\"https:\\\/\\\/cascinabringin.it\\\/index.php\\\/blog\\\/\",\"url\":\"https:\\\/\\\/cascinabringin.it\\\/index.php\\\/blog\\\/\",\"name\":\"Blog - Cascina Bringin\",\"isPartOf\":{\"@id\":\"https:\\\/\\\/cascinabringin.it\\\/#website\"},\"datePublished\":\"2021-08-10T08:35:26+00:00\",\"dateModified\":\"2021-08-10T09:39:35+00:00\",\"breadcrumb\":{\"@id\":\"https:\\\/\\\/cascinabringin.it\\\/index.php\\\/blog\\\/#breadcrumb\"},\"inLanguage\":\"it-IT\",\"potentialAction\":[{\"@type\":\"ReadAction\",\"target\":[\"https:\\\/\\\/cascinabringin.it\\\/index.php\\\/blog\\\/\"]}]},{\"@type\":\"BreadcrumbList\",\"@id\":\"https:\\\/\\\/cascinabringin.it\\\/index.php\\\/blog\\\/#breadcrumb\",\"itemListElement\":[{\"@type\":\"ListItem\",\"position\":1,\"name\":\"Home\",\"item\":\"https:\\\/\\\/cascinabringin.it\\\/\"},{\"@type\":\"ListItem\",\"position\":2,\"name\":\"Blog\"}]},{\"@type\":\"WebSite\",\"@id\":\"https:\\\/\\\/cascinabringin.it\\\/#website\",\"url\":\"https:\\\/\\\/cascinabringin.it\\\/\",\"name\":\"Cascina Bringin\",\"description\":\"\",\"publisher\":{\"@id\":\"https:\\\/\\\/cascinabringin.it\\\/#organization\"},\"potentialAction\":[{\"@type\":\"SearchAction\",\"target\":{\"@type\":\"EntryPoint\",\"urlTemplate\":\"https:\\\/\\\/cascinabringin.it\\\/?s={search_term_string}\"},\"query-input\":{\"@type\":\"PropertyValueSpecification\",\"valueRequired\":true,\"valueName\":\"search_term_string\"}}],\"inLanguage\":\"it-IT\"},{\"@type\":\"Organization\",\"@id\":\"https:\\\/\\\/cascinabringin.it\\\/#organization\",\"name\":\"Cascina Bringin\",\"url\":\"https:\\\/\\\/cascinabringin.it\\\/\",\"logo\":{\"@type\":\"ImageObject\",\"inLanguage\":\"it-IT\",\"@id\":\"https:\\\/\\\/cascinabringin.it\\\/#\\\/schema\\\/logo\\\/image\\\/\",\"url\":\"https:\\\/\\\/cascinabringin.it\\\/wp-content\\\/uploads\\\/2021\\\/08\\\/cropped-CascinaBringinLogo-1.png\",\"contentUrl\":\"https:\\\/\\\/cascinabringin.it\\\/wp-content\\\/uploads\\\/2021\\\/08\\\/cropped-CascinaBringinLogo-1.png\",\"width\":242,\"height\":96,\"caption\":\"Cascina Bringin\"},\"image\":{\"@id\":\"https:\\\/\\\/cascinabringin.it\\\/#\\\/schema\\\/logo\\\/image\\\/\"}}]}<\/script>\n<!-- \/ Yoast SEO plugin. -->","yoast_head_json":{"title":"Blog - Cascina Bringin","robots":{"index":"index","follow":"follow","max-snippet":"max-snippet:-1","max-image-preview":"max-image-preview:large","max-video-preview":"max-video-preview:-1"},"canonical":"https:\/\/cascinabringin.it\/index.php\/blog\/","og_locale":"it_IT","og_type":"article","og_title":"Blog - Cascina Bringin","og_url":"https:\/\/cascinabringin.it\/index.php\/blog\/","og_site_name":"Cascina Bringin","article_modified_time":"2021-08-10T09:39:35+00:00","twitter_card":"summary_large_image","schema":{"@context":"https:\/\/schema.org","@graph":[{"@type":"WebPage","@id":"https:\/\/cascinabringin.it\/index.php\/blog\/","url":"https:\/\/cascinabringin.it\/index.php\/blog\/","name":"Blog - Cascina Bringin","isPartOf":{"@id":"https:\/\/cascinabringin.it\/#website"},"datePublished":"2021-08-10T08:35:26+00:00","dateModified":"2021-08-10T09:39:35+00:00","breadcrumb":{"@id":"https:\/\/cascinabringin.it\/index.php\/blog\/#breadcrumb"},"inLanguage":"it-IT","potentialAction":[{"@type":"ReadAction","target":["https:\/\/cascinabringin.it\/index.php\/blog\/"]}]},{"@type":"BreadcrumbList","@id":"https:\/\/cascinabringin.it\/index.php\/blog\/#breadcrumb","itemListElement":[{"@type":"ListItem","position":1,"name":"Home","item":"https:\/\/cascinabringin.it\/"},{"@type":"ListItem","position":2,"name":"Blog"}]},{"@type":"WebSite","@id":"https:\/\/cascinabringin.it\/#website","url":"https:\/\/cascinabringin.it\/","name":"Cascina Bringin","description":"","publisher":{"@id":"https:\/\/cascinabringin.it\/#organization"},"potentialAction":[{"@type":"SearchAction","target":{"@type":"EntryPoint","urlTemplate":"https:\/\/cascinabringin.it\/?s={search_term_string}"},"query-input":{"@type":"PropertyValueSpecification","valueRequired":true,"valueName":"search_term_string"}}],"inLanguage":"it-IT"},{"@type":"Organization","@id":"https:\/\/cascinabringin.it\/#organization","name":"Cascina Bringin","url":"https:\/\/cascinabringin.it\/","logo":{"@type":"ImageObject","inLanguage":"it-IT","@id":"https:\/\/cascinabringin.it\/#\/schema\/logo\/image\/","url":"https:\/\/cascinabringin.it\/wp-content\/uploads\/2021\/08\/cropped-CascinaBringinLogo-1.png","contentUrl":"https:\/\/cascinabringin.it\/wp-content\/uploads\/2021\/08\/cropped-CascinaBringinLogo-1.png","width":242,"height":96,"caption":"Cascina Bringin"},"image":{"@id":"https:\/\/cascinabringin.it\/#\/schema\/logo\/image\/"}}]}},"_links":{"self":[{"href":"https:\/\/cascinabringin.it\/index.php\/wp-json\/wp\/v2\/pages\/467","targetHints":{"allow":["GET"]}}],"collection":[{"href":"https:\/\/cascinabringin.it\/index.php\/wp-json\/wp\/v2\/pages"}],"about":[{"href":"https:\/\/cascinabringin.it\/index.php\/wp-json\/wp\/v2\/types\/page"}],"author":[{"embeddable":true,"href":"https:\/\/cascinabringin.it\/index.php\/wp-json\/wp\/v2\/users\/3"}],"replies":[{"embeddable":true,"href":"https:\/\/cascinabringin.it\/index.php\/wp-json\/wp\/v2\/comments?post=467"}],"version-history":[{"count":13,"href":"https:\/\/cascinabringin.it\/index.php\/wp-json\/wp\/v2\/pages\/467\/revisions"}],"predecessor-version":[{"id":547,"href":"https:\/\/cascinabringin.it\/index.php\/wp-json\/wp\/v2\/pages\/467\/revisions\/547"}],"wp:attachment":[{"href":"https:\/\/cascinabringin.it\/index.php\/wp-json\/wp\/v2\/media?parent=467"}],"curies":[{"name":"wp","href":"https:\/\/api.w.org\/{rel}","templated":true}]}}